{"id":9,"date":"2024-12-11T12:52:23","date_gmt":"2024-12-11T12:52:23","guid":{"rendered":"https:\/\/www.altuntaspleksi.com.tr\/?page_id=9"},"modified":"2024-12-11T16:48:17","modified_gmt":"2024-12-11T16:48:17","slug":"contact","status":"publish","type":"page","link":"https:\/\/www.altuntaspleksi.com.tr\/index.php\/contact\/","title":{"rendered":"\u0130leti\u015fim"},"content":{"rendered":"\n<div class=\"wp-block-cover alignfull\" style=\"padding-right:0;padding-left:0;min-height:150px;aspect-ratio:unset;\"><span aria-hidden=\"true\" class=\"wp-block-cover__background has-nv-site-bg-background-color has-background-dim-100 has-background-dim\"><\/span><div class=\"wp-block-cover__inner-container is-layout-flow wp-block-cover-is-layout-flow\">\n<div class=\"wp-block-group\" style=\"padding-right:var(--wp--preset--spacing--30);padding-left:var(--wp--preset--spacing--30)\"><div class=\"wp-block-group__inner-container is-layout-flow wp-block-group-is-layout-flow\">\n<h2 class=\"wp-block-heading has-text-align-center has-text-align-left has-neve-text-color-color has-text-color\">\u0130leti\u015fim ve Ula\u015f\u0131m Bilgileri<\/h2>\n<\/div><\/div>\n<\/div><\/div>\n\n\n\n<div class=\"wp-block-cover alignfull\" style=\"min-height:629px;aspect-ratio:unset;\"><span aria-hidden=\"true\" class=\"wp-block-cover__background has-nv-light-bg-background-color has-background-dim-100 has-background-dim\"><\/span><div class=\"wp-block-cover__inner-container is-layout-flow wp-block-cover-is-layout-flow\">\n<div style=\"height:26px\" aria-hidden=\"true\" class=\"wp-block-spacer\"><\/div>\n\n\n\n<div class=\"wp-block-columns is-layout-flex wp-container-core-columns-is-layout-9d6595d7 wp-block-columns-is-layout-flex\">\n<div class=\"wp-block-column ticss-4ce656f1 is-layout-flow wp-block-column-is-layout-flow\" style=\"padding-right:var(--wp--preset--spacing--30);padding-left:var(--wp--preset--spacing--30)\">\n<div class=\"wp-block-group has-nv-site-bg-background-color has-background\" style=\"border-radius:24px\"><div class=\"wp-block-group__inner-container is-layout-flow wp-block-group-is-layout-flow\">\n<div style=\"height:24px\" aria-hidden=\"true\" class=\"wp-block-spacer\"><\/div>\n\n\n<div class=\"wp-block-image icon-style is-style-default\">\n<figure class=\"aligncenter size-full\"><a href=\"https:\/\/www.instagram.com\/altuntaspleksi\/\"><img decoding=\"async\" src=\"https:\/\/www.altuntaspleksi.com.tr\/wp-content\/themes\/neve\/assets\/img\/starter-content\/neve-marketing-icon-7.png\" alt=\"\"\/><\/a><\/figure>\n<\/div>\n\n\n<div style=\"height:24px\" aria-hidden=\"true\" class=\"wp-block-spacer\"><\/div>\n\n\n\n<h3 class=\"wp-block-heading has-text-align-center has-neve-text-color-color has-text-color\">Bizi Aray\u0131n\u0131z<\/h3>\n\n\n\n<h3 class=\"wp-block-heading has-text-align-center has-neve-text-color-color has-text-color\"><strong>0534 670 5799 <\/strong><\/h3>\n\n\n\n<div style=\"height:48px\" aria-hidden=\"true\" class=\"wp-block-spacer\"><\/div>\n<\/div><\/div>\n<\/div>\n\n\n\n<div class=\"wp-block-column ticss-f6fc7494 is-layout-flow wp-block-column-is-layout-flow\" style=\"padding-right:var(--wp--preset--spacing--30);padding-left:var(--wp--preset--spacing--30)\">\n<div class=\"wp-block-group has-nv-site-bg-background-color has-background\" style=\"border-radius:24px\"><div class=\"wp-block-group__inner-container is-layout-flow wp-block-group-is-layout-flow\">\n<div style=\"height:24px\" aria-hidden=\"true\" class=\"wp-block-spacer\"><\/div>\n\n\n<div class=\"wp-block-image icon-style is-style-default\">\n<figure class=\"aligncenter size-full\"><a href=\"https:\/\/www.instagram.com\/altuntaspleksi\/\"><img decoding=\"async\" src=\"https:\/\/www.altuntaspleksi.com.tr\/wp-content\/themes\/neve\/assets\/img\/starter-content\/neve-marketing-icon-5.png\" alt=\"\"\/><\/a><\/figure>\n<\/div>\n\n\n<div style=\"height:24px\" aria-hidden=\"true\" class=\"wp-block-spacer\"><\/div>\n\n\n\n<h3 class=\"wp-block-heading has-text-align-center has-neve-text-color-color has-text-color\">Email<\/h3>\n\n\n\n<h4 class=\"wp-block-heading has-text-align-center has-neve-text-color-color has-text-color\"><strong>altuntaspleksi@hotmail.com<\/strong><\/h4>\n\n\n\n<div style=\"height:50px\" aria-hidden=\"true\" class=\"wp-block-spacer\"><\/div>\n<\/div><\/div>\n<\/div>\n\n\n\n<div class=\"wp-block-column ticss-a5b4df29 is-layout-flow wp-block-column-is-layout-flow\" style=\"padding-right:var(--wp--preset--spacing--30);padding-left:var(--wp--preset--spacing--30)\">\n<div class=\"wp-block-group has-nv-site-bg-background-color has-background\" style=\"border-radius:24px\"><div class=\"wp-block-group__inner-container is-layout-flow wp-block-group-is-layout-flow\">\n<div style=\"height:24px\" aria-hidden=\"true\" class=\"wp-block-spacer\"><\/div>\n\n\n<div class=\"wp-block-image icon-style is-style-default\">\n<figure class=\"aligncenter size-full\"><a href=\"https:\/\/www.instagram.com\/altuntaspleksi\/\"><img decoding=\"async\" src=\"https:\/\/www.altuntaspleksi.com.tr\/wp-content\/themes\/neve\/assets\/img\/starter-content\/neve-marketing-icon-6.png\" alt=\"\"\/><\/a><\/figure>\n<\/div>\n\n\n<div style=\"height:24px\" aria-hidden=\"true\" class=\"wp-block-spacer\"><\/div>\n\n\n\n<h3 class=\"wp-block-heading has-text-align-center has-neve-text-color-color has-text-color\">Adres<\/h3>\n\n\n\n<h5 class=\"wp-block-heading has-text-align-center has-neve-text-color-color has-text-color\"><strong>Muratpa\u015fa, Cicoz Yolu Cd. No 67 A, 34040 Bayrampa\u015fa\/\u0130stanbul<\/strong><\/h5>\n\n\n\n<div style=\"height:24px\" aria-hidden=\"true\" class=\"wp-block-spacer\"><\/div>\n<\/div><\/div>\n<\/div>\n<\/div>\n\n\n\n<div class=\"wp-block-columns is-layout-flex wp-container-core-columns-is-layout-9d6595d7 wp-block-columns-is-layout-flex\">\n<div class=\"wp-block-column ticss-4ce656f1 is-layout-flow wp-block-column-is-layout-flow\" style=\"padding-right:var(--wp--preset--spacing--30);padding-left:var(--wp--preset--spacing--30)\">\n<div class=\"wp-block-group has-nv-site-bg-background-color has-background\" style=\"border-radius:24px\"><div class=\"wp-block-group__inner-container is-layout-flow wp-block-group-is-layout-flow\">\n<div style=\"height:24px\" aria-hidden=\"true\" class=\"wp-block-spacer\"><\/div>\n\n\n<div class=\"wp-block-image icon-style is-style-default\">\n<figure class=\"aligncenter size-full is-resized\"><a href=\"https:\/\/www.instagram.com\/altuntaspleksi\/\"><img loading=\"lazy\" decoding=\"async\" width=\"73\" height=\"74\" sizes=\"auto, (max-width: 73px) 100vw, 73px\" src=\"http:\/\/www.altuntaspleksi.com.tr\/wp-content\/uploads\/2024\/12\/Instagram-Logo-e1733935116114.jpg\" alt=\"\" class=\"wp-image-122\" style=\"width:105px;height:auto\"\/><\/a><\/figure>\n<\/div>\n\n\n<div style=\"height:24px\" aria-hidden=\"true\" class=\"wp-block-spacer\"><\/div>\n\n\n\n<h3 class=\"wp-block-heading has-text-align-center has-neve-text-color-color has-text-color\"><a href=\"https:\/\/www.instagram.com\/altuntaspleksi\/\">altuntaspleksi<\/a><\/h3>\n\n\n\n<div style=\"height:48px\" aria-hidden=\"true\" class=\"wp-block-spacer\"><\/div>\n<\/div><\/div>\n<\/div>\n\n\n\n<div class=\"wp-block-column ticss-f6fc7494 is-layout-flow wp-block-column-is-layout-flow\" style=\"padding-right:var(--wp--preset--spacing--30);padding-left:var(--wp--preset--spacing--30)\">\n<div class=\"wp-block-group has-nv-site-bg-background-color has-background\" style=\"border-radius:24px\"><div class=\"wp-block-group__inner-container is-layout-flow wp-block-group-is-layout-flow\">\n<div style=\"height:24px\" aria-hidden=\"true\" class=\"wp-block-spacer\"><\/div>\n\n\n<div class=\"wp-block-image icon-style is-style-default\">\n<figure class=\"aligncenter size-full is-resized\"><a href=\"https:\/\/www.instagram.com\/altuntaspleksi\/\"><img loading=\"lazy\" decoding=\"async\" width=\"73\" height=\"74\" sizes=\"auto, (max-width: 73px) 100vw, 73px\" src=\"http:\/\/www.altuntaspleksi.com.tr\/wp-content\/uploads\/2024\/12\/facebook-logo-e1733935133776.jpg\" alt=\"\" class=\"wp-image-123\" style=\"width:97px;height:auto\"\/><\/a><\/figure>\n<\/div>\n\n\n<div style=\"height:24px\" aria-hidden=\"true\" class=\"wp-block-spacer\"><\/div>\n\n\n\n<h3 class=\"wp-block-heading has-text-align-center has-neve-text-color-color has-text-color\"><a href=\"https:\/\/www.instagram.com\/altuntaspleksi\/\">altuntaspleksi<\/a><\/h3>\n\n\n\n<div style=\"height:60px\" aria-hidden=\"true\" class=\"wp-block-spacer\"><\/div>\n<\/div><\/div>\n<\/div>\n\n\n\n<div class=\"wp-block-column ticss-a5b4df29 is-layout-flow wp-block-column-is-layout-flow\" style=\"padding-right:var(--wp--preset--spacing--30);padding-left:var(--wp--preset--spacing--30)\">\n<div class=\"wp-block-group has-nv-site-bg-background-color has-background\" style=\"border-radius:24px\"><div class=\"wp-block-group__inner-container is-layout-flow wp-block-group-is-layout-flow\">\n<div style=\"height:24px\" aria-hidden=\"true\" class=\"wp-block-spacer\"><\/div>\n\n\n\n<iframe src=\"https:\/\/www.google.com\/maps\/embed?pb=!1m18!1m12!1m3!1d3008.7014838372074!2d28.90311987542441!3d41.053656716630464!2m3!1f0!2f0!3f0!3m2!1i1024!2i768!4f13.1!3m3!1m2!1s0x14cab107ddab3733%3A0x20daf8b221215461!2sAltunta%C5%9F%20Pleksi!5e0!3m2!1str!2str!4v1733933162460!5m2!1str!2str\" width=\"450\" height=\"450\" style=\"border:0;\" allowfullscreen=\"\" loading=\"lazy\" referrerpolicy=\"no-referrer-when-downgrade\"><\/iframe>\n<\/div><\/div>\n<\/div>\n<\/div>\n<\/div><\/div>\n\n\n\n<p><\/p>\n","protected":false},"excerpt":{"rendered":"","protected":false},"author":1,"featured_media":0,"parent":0,"menu_order":0,"comment_status":"closed","ping_status":"closed","template":"","meta":{"neve_meta_sidebar":"","neve_meta_container":"","neve_meta_enable_content_width":"on","neve_meta_content_width":100,"neve_meta_title_alignment":"","neve_meta_author_avatar":"","neve_post_elements_order":"","neve_meta_disable_header":"","neve_meta_disable_footer":"","neve_meta_disable_title":"on","footnotes":""},"class_list":["post-9","page","type-page","status-publish","hentry"],"yoast_head":"<!-- This site is optimized with the Yoast SEO plugin v27.5 - https:\/\/yoast.com\/product\/yoast-seo-wordpress\/ -->\n<title>\u0130leti\u015fim - Altunta\u015f Pleksi<\/title>\n<meta name=\"robots\" content=\"index, follow, max-snippet:-1, max-image-preview:large, max-video-preview:-1\" \/>\n<link rel=\"canonical\" href=\"https:\/\/www.altuntaspleksi.com.tr\/index.php\/contact\/\" \/>\n<meta property=\"og:locale\" content=\"tr_TR\" \/>\n<meta property=\"og:type\" content=\"article\" \/>\n<meta property=\"og:title\" content=\"\u0130leti\u015fim - Altunta\u015f Pleksi\" \/>\n<meta property=\"og:url\" content=\"https:\/\/www.altuntaspleksi.com.tr\/index.php\/contact\/\" \/>\n<meta property=\"og:site_name\" content=\"Altunta\u015f Pleksi\" \/>\n<meta property=\"article:modified_time\" content=\"2024-12-11T16:48:17+00:00\" \/>\n<meta property=\"og:image\" content=\"https:\/\/www.altuntaspleksi.com.tr\/wp-content\/themes\/neve\/assets\/img\/starter-content\/neve-marketing-icon-7.png\" \/>\n<meta name=\"twitter:card\" content=\"summary_large_image\" \/>\n<meta name=\"twitter:label1\" content=\"Tahmini okuma s\u00fcresi\" \/>\n\t<meta name=\"twitter:data1\" content=\"2 dakika\" \/>\n<script type=\"application\/ld+json\" class=\"yoast-schema-graph\">{\"@context\":\"https:\\\/\\\/schema.org\",\"@graph\":[{\"@type\":\"WebPage\",\"@id\":\"https:\\\/\\\/www.altuntaspleksi.com.tr\\\/index.php\\\/contact\\\/\",\"url\":\"https:\\\/\\\/www.altuntaspleksi.com.tr\\\/index.php\\\/contact\\\/\",\"name\":\"\u0130leti\u015fim - Altunta\u015f Pleksi\",\"isPartOf\":{\"@id\":\"https:\\\/\\\/www.altuntaspleksi.com.tr\\\/#website\"},\"primaryImageOfPage\":{\"@id\":\"https:\\\/\\\/www.altuntaspleksi.com.tr\\\/index.php\\\/contact\\\/#primaryimage\"},\"image\":{\"@id\":\"https:\\\/\\\/www.altuntaspleksi.com.tr\\\/index.php\\\/contact\\\/#primaryimage\"},\"thumbnailUrl\":\"https:\\\/\\\/www.altuntaspleksi.com.tr\\\/wp-content\\\/themes\\\/neve\\\/assets\\\/img\\\/starter-content\\\/neve-marketing-icon-7.png\",\"datePublished\":\"2024-12-11T12:52:23+00:00\",\"dateModified\":\"2024-12-11T16:48:17+00:00\",\"breadcrumb\":{\"@id\":\"https:\\\/\\\/www.altuntaspleksi.com.tr\\\/index.php\\\/contact\\\/#breadcrumb\"},\"inLanguage\":\"tr\",\"potentialAction\":[{\"@type\":\"ReadAction\",\"target\":[\"https:\\\/\\\/www.altuntaspleksi.com.tr\\\/index.php\\\/contact\\\/\"]}]},{\"@type\":\"ImageObject\",\"inLanguage\":\"tr\",\"@id\":\"https:\\\/\\\/www.altuntaspleksi.com.tr\\\/index.php\\\/contact\\\/#primaryimage\",\"url\":\"https:\\\/\\\/www.altuntaspleksi.com.tr\\\/wp-content\\\/themes\\\/neve\\\/assets\\\/img\\\/starter-content\\\/neve-marketing-icon-7.png\",\"contentUrl\":\"https:\\\/\\\/www.altuntaspleksi.com.tr\\\/wp-content\\\/themes\\\/neve\\\/assets\\\/img\\\/starter-content\\\/neve-marketing-icon-7.png\"},{\"@type\":\"BreadcrumbList\",\"@id\":\"https:\\\/\\\/www.altuntaspleksi.com.tr\\\/index.php\\\/contact\\\/#breadcrumb\",\"itemListElement\":[{\"@type\":\"ListItem\",\"position\":1,\"name\":\"Anasayfa\",\"item\":\"https:\\\/\\\/www.altuntaspleksi.com.tr\\\/\"},{\"@type\":\"ListItem\",\"position\":2,\"name\":\"\u0130leti\u015fim\"}]},{\"@type\":\"WebSite\",\"@id\":\"https:\\\/\\\/www.altuntaspleksi.com.tr\\\/#website\",\"url\":\"https:\\\/\\\/www.altuntaspleksi.com.tr\\\/\",\"name\":\"Altunta\u015f Pleksi\",\"description\":\"\",\"publisher\":{\"@id\":\"https:\\\/\\\/www.altuntaspleksi.com.tr\\\/#organization\"},\"potentialAction\":[{\"@type\":\"SearchAction\",\"target\":{\"@type\":\"EntryPoint\",\"urlTemplate\":\"https:\\\/\\\/www.altuntaspleksi.com.tr\\\/?s={search_term_string}\"},\"query-input\":{\"@type\":\"PropertyValueSpecification\",\"valueRequired\":true,\"valueName\":\"search_term_string\"}}],\"inLanguage\":\"tr\"},{\"@type\":\"Organization\",\"@id\":\"https:\\\/\\\/www.altuntaspleksi.com.tr\\\/#organization\",\"name\":\"Altunta\u015f Pleksi\",\"url\":\"https:\\\/\\\/www.altuntaspleksi.com.tr\\\/\",\"logo\":{\"@type\":\"ImageObject\",\"inLanguage\":\"tr\",\"@id\":\"https:\\\/\\\/www.altuntaspleksi.com.tr\\\/#\\\/schema\\\/logo\\\/image\\\/\",\"url\":\"https:\\\/\\\/www.altuntaspleksi.com.tr\\\/wp-content\\\/uploads\\\/2024\\\/12\\\/cropped-Altuntas-Pleksi-Logo-3-1-1.png\",\"contentUrl\":\"https:\\\/\\\/www.altuntaspleksi.com.tr\\\/wp-content\\\/uploads\\\/2024\\\/12\\\/cropped-Altuntas-Pleksi-Logo-3-1-1.png\",\"width\":512,\"height\":512,\"caption\":\"Altunta\u015f Pleksi\"},\"image\":{\"@id\":\"https:\\\/\\\/www.altuntaspleksi.com.tr\\\/#\\\/schema\\\/logo\\\/image\\\/\"},\"sameAs\":[\"https:\\\/\\\/www.instagram.com\\\/altuntaspleksi\\\/\"]}]}<\/script>\n<!-- \/ Yoast SEO plugin. -->","yoast_head_json":{"title":"\u0130leti\u015fim - Altunta\u015f Pleksi","robots":{"index":"index","follow":"follow","max-snippet":"max-snippet:-1","max-image-preview":"max-image-preview:large","max-video-preview":"max-video-preview:-1"},"canonical":"https:\/\/www.altuntaspleksi.com.tr\/index.php\/contact\/","og_locale":"tr_TR","og_type":"article","og_title":"\u0130leti\u015fim - Altunta\u015f Pleksi","og_url":"https:\/\/www.altuntaspleksi.com.tr\/index.php\/contact\/","og_site_name":"Altunta\u015f Pleksi","article_modified_time":"2024-12-11T16:48:17+00:00","og_image":[{"url":"https:\/\/www.altuntaspleksi.com.tr\/wp-content\/themes\/neve\/assets\/img\/starter-content\/neve-marketing-icon-7.png","type":"","width":"","height":""}],"twitter_card":"summary_large_image","twitter_misc":{"Tahmini okuma s\u00fcresi":"2 dakika"},"schema":{"@context":"https:\/\/schema.org","@graph":[{"@type":"WebPage","@id":"https:\/\/www.altuntaspleksi.com.tr\/index.php\/contact\/","url":"https:\/\/www.altuntaspleksi.com.tr\/index.php\/contact\/","name":"\u0130leti\u015fim - Altunta\u015f Pleksi","isPartOf":{"@id":"https:\/\/www.altuntaspleksi.com.tr\/#website"},"primaryImageOfPage":{"@id":"https:\/\/www.altuntaspleksi.com.tr\/index.php\/contact\/#primaryimage"},"image":{"@id":"https:\/\/www.altuntaspleksi.com.tr\/index.php\/contact\/#primaryimage"},"thumbnailUrl":"https:\/\/www.altuntaspleksi.com.tr\/wp-content\/themes\/neve\/assets\/img\/starter-content\/neve-marketing-icon-7.png","datePublished":"2024-12-11T12:52:23+00:00","dateModified":"2024-12-11T16:48:17+00:00","breadcrumb":{"@id":"https:\/\/www.altuntaspleksi.com.tr\/index.php\/contact\/#breadcrumb"},"inLanguage":"tr","potentialAction":[{"@type":"ReadAction","target":["https:\/\/www.altuntaspleksi.com.tr\/index.php\/contact\/"]}]},{"@type":"ImageObject","inLanguage":"tr","@id":"https:\/\/www.altuntaspleksi.com.tr\/index.php\/contact\/#primaryimage","url":"https:\/\/www.altuntaspleksi.com.tr\/wp-content\/themes\/neve\/assets\/img\/starter-content\/neve-marketing-icon-7.png","contentUrl":"https:\/\/www.altuntaspleksi.com.tr\/wp-content\/themes\/neve\/assets\/img\/starter-content\/neve-marketing-icon-7.png"},{"@type":"BreadcrumbList","@id":"https:\/\/www.altuntaspleksi.com.tr\/index.php\/contact\/#breadcrumb","itemListElement":[{"@type":"ListItem","position":1,"name":"Anasayfa","item":"https:\/\/www.altuntaspleksi.com.tr\/"},{"@type":"ListItem","position":2,"name":"\u0130leti\u015fim"}]},{"@type":"WebSite","@id":"https:\/\/www.altuntaspleksi.com.tr\/#website","url":"https:\/\/www.altuntaspleksi.com.tr\/","name":"Altunta\u015f Pleksi","description":"","publisher":{"@id":"https:\/\/www.altuntaspleksi.com.tr\/#organization"},"potentialAction":[{"@type":"SearchAction","target":{"@type":"EntryPoint","urlTemplate":"https:\/\/www.altuntaspleksi.com.tr\/?s={search_term_string}"},"query-input":{"@type":"PropertyValueSpecification","valueRequired":true,"valueName":"search_term_string"}}],"inLanguage":"tr"},{"@type":"Organization","@id":"https:\/\/www.altuntaspleksi.com.tr\/#organization","name":"Altunta\u015f Pleksi","url":"https:\/\/www.altuntaspleksi.com.tr\/","logo":{"@type":"ImageObject","inLanguage":"tr","@id":"https:\/\/www.altuntaspleksi.com.tr\/#\/schema\/logo\/image\/","url":"https:\/\/www.altuntaspleksi.com.tr\/wp-content\/uploads\/2024\/12\/cropped-Altuntas-Pleksi-Logo-3-1-1.png","contentUrl":"https:\/\/www.altuntaspleksi.com.tr\/wp-content\/uploads\/2024\/12\/cropped-Altuntas-Pleksi-Logo-3-1-1.png","width":512,"height":512,"caption":"Altunta\u015f Pleksi"},"image":{"@id":"https:\/\/www.altuntaspleksi.com.tr\/#\/schema\/logo\/image\/"},"sameAs":["https:\/\/www.instagram.com\/altuntaspleksi\/"]}]}},"_links":{"self":[{"href":"https:\/\/www.altuntaspleksi.com.tr\/index.php\/wp-json\/wp\/v2\/pages\/9","targetHints":{"allow":["GET"]}}],"collection":[{"href":"https:\/\/www.altuntaspleksi.com.tr\/index.php\/wp-json\/wp\/v2\/pages"}],"about":[{"href":"https:\/\/www.altuntaspleksi.com.tr\/index.php\/wp-json\/wp\/v2\/types\/page"}],"author":[{"embeddable":true,"href":"https:\/\/www.altuntaspleksi.com.tr\/index.php\/wp-json\/wp\/v2\/users\/1"}],"replies":[{"embeddable":true,"href":"https:\/\/www.altuntaspleksi.com.tr\/index.php\/wp-json\/wp\/v2\/comments?post=9"}],"version-history":[{"count":33,"href":"https:\/\/www.altuntaspleksi.com.tr\/index.php\/wp-json\/wp\/v2\/pages\/9\/revisions"}],"predecessor-version":[{"id":134,"href":"https:\/\/www.altuntaspleksi.com.tr\/index.php\/wp-json\/wp\/v2\/pages\/9\/revisions\/134"}],"wp:attachment":[{"href":"https:\/\/www.altuntaspleksi.com.tr\/index.php\/wp-json\/wp\/v2\/media?parent=9"}],"curies":[{"name":"wp","href":"https:\/\/api.w.org\/{rel}","templated":true}]}}